29381 prime?
True
Is 142851209 composite?
False
Is 251147809 prime?
False
Is 1218116947 a composite number?
True
Is 521119 a composite number?
False
Is 43904954 composite?
True
Is 10343387 composite?
True
Is 1234427 composite?
True
Is 39959849 prime?
True
Is 1407971 composite?
False
Is 1319131 prime?
False
Is 2728906 a prime number?
False
Is 44810057 a composite number?
False
Is 4622477 a composite number?
False
Is 388985 a prime number?
False
Is 11761729 a composite number?
True
Is 1225829269 a composite number?
True
Is 883889 prime?
True
Is 600337 a composite number?
False
Is 2712403 a prime number?
False
Is 123536723 prime?
False
Is 4817339 prime?
True
Is 1654111 a prime number?
True
Is 110088877 a prime number?
True
Is 400051 composite?
False
Is 602029 prime?
True
Is 26757295 a prime number?
False
Is 542413 a composite number?
True
Is 96612743 composite?
True
Is 2478761 prime?
True
Is 1001123 a prime number?
True
Is 955211 prime?
True
Is 752221 prime?
False
Is 9334621 a composite number?
False
Is 6405827 prime?
True
Is 116143571 a composite number?
False
Is 356204099 prime?
False
Is 150227321 a composite number?
True
Is 270319031 composite?
True
Is 898217893 composite?
True
Is 357969923 composite?
False
Is 458924091 prime?
False
Is 2694913 composite?
True
Is 358438243 composite?
False
Is 246487 composite?
True
Is 35532373 a prime number?
True
Is 8139917 prime?
True
Is 5079947 prime?
True
Is 6044713 composite?
False
Is 232847597 composite?
False
Is 53153341 prime?
True
Is 431904449 a prime number?
False
Is 5725833 a prime number?
False
Is 2143019 prime?
True
Is 737897 prime?
True
Is 35832169 composite?
True
Is 1451963 a composite number?
True
Is 1788383 composite?
True
Is 9532537 a prime number?
False
Is 8471878 composite?
True
Is 6100019 prime?
True
Is 5750893 composite?
False
Is 32001427 composite?
True
Is 46954991 composite?
True
Is 6184979 a prime number?
False
Is 803390447 a composite number?
False
Is 12352895 composite?
True
Is 12354763 composite?
False
Is 46434721 prime?
True
Is 548813 prime?
False
Is 27141073 prime?
True
Is 21447553 a composite number?
True
Is 1935151 prime?
False
Is 46117223 prime?
True
Is 88323229 a composite number?
True
Is 17862551 prime?
False
Is 1941073 composite?
False
Is 62862491 composite?
True
Is 428660717 a composite number?
False
Is 262637779 a prime number?
False
Is 7829837 a prime number?
True
Is 9860891 prime?
True
Is 316177 a prime number?
True
Is 2578451 prime?
True
Is 1913269 a prime number?
True
Is 1454119 prime?
True
Is 8864663 a prime number?
True
Is 25328669 a prime number?
True
Is 823471637 composite?
False
Is 133390931 a prime number?
True
Is 3243121 composite?
True
Is 1712663 prime?
False
Is 26612561 prime?
False
Is 28017163 prime?
True
Is 18258439 a prime number?
False
Is 15377549 composite?
True
Is 1200371 a composite number?
False
Is 28261 composite?
True
Is 18313411 composite?
False
Is 12911999 a composite number?
False
Is 3672437 composite?
False
Is 19458973 a composite number?
True
Is 4989801 a prime number?
False
Is 19725851 composite?
False
Is 864359 composite?
False
Is 44790709 prime?
False
Is 32792491 prime?
True
Is 705689 a composite number?
False
Is 15045641 a composite number?
True
Is 8437981 a prime number?
False
Is 13603969 a prime number?
True
Is 122228081 composite?
True
Is 279263 prime?
False
Is 63700253 prime?
True
Is 6695735 a composite number?
True
Is 2058606073 a prime number?
True
Is 7111787 a composite number?
True
Is 159279947 a composite number?
False
Is 309223 a composite number?
False
Is 115440733 a prime number?
True
Is 3637273 prime?
True
Is 3869729 composite?
False
Is 58517107 a prime number?
False
Is 9950573 a prime number?
False
Is 8069 composite?
False
Is 120000477 a composite number?
True
Is 5817989 a composite number?
True
Is 373310063 a prime number?
False
Is 5153333 composite?
True
Is 22352761 a prime number?
False
Is 4758927 a composite number?
True
Is 72067078 a prime number?
False
Is 5721321 a prime number?
False
Is 4969589 composite?
False
Is 31429967 prime?
False
Is 663542741 a composite number?
True
Is 27911753 a composite number?
False
Is 25763999 a prime number?
True
Is 2095021 a composite number?
False
Is 21028639 a composite number?
True
Is 59852627 a composite number?
True
Is 7006289 prime?
True
Is 219200279 prime?
False
Is 9438829 prime?
True
Is 132833 prime?
True
Is 112474961 composite?
False
Is 1750763 a prime number?
False
Is 6619391 prime?
False
Is 37489043 a composite number?
False
Is 1585219 prime?
True
Is 5594387 prime?
True
Is 42326611 a prime number?
True
Is 825623 a composite number?
True
Is 135369731 a composite number?
True
Is 2675807 composite?
False
Is 465263 a prime number?
False
Is 83370559 a prime number?
True
Is 17058251 a prime number?
False
Is 5463301 prime?
False
Is 1022893361 composite?
True
Is 696755869 a composite number?
True
Is 63158707 a composite number?
False
Is 828965323 a composite number?
False
Is 10176059 prime?
True
Is 444875047 prime?
False
Is 5087427 a composite number?
True
Is 193958311 a composite number?
True
Is 1829959 composite?
False
Is 26155201 a prime number?
True
Is 55121653 composite?
True
Is 1536778511 a composite number?
True
Is 23221339 composite?
True
Is 534529 a prime number?
True
Is 34675669 prime?
False
Is 3888097 a prime number?
False
Is 7029829 a composite number?
True
Is 414565873 prime?
True
Is 3995029 composite?
False
Is 14217713 a prime number?
True
Is 8857313 composite?
True
Is 2611547 a prime number?
False
Is 55734823 a composite number?
True
Is 1232821 a composite number?
True
Is 82939 a prime number?
True
Is 69704413 composite?
False
Is 253518931 a prime number?
False
Is 728895511 a composite number?
False
Is 19011341 prime?
False
Is 2057257 a composite number?
True
Is 259497493 a prime number?
True
Is 2546959 a composite number?
False
Is 187886993 prime?
False
Is 10908959 prime?
False
Is 1109509 composite?
False
Is 7820123 composite?
False
Is 12814667 a prime number?
False
Is 5945399 composite?
True
Is 272549 a prime number?
True
Is 17804977 composite?
False
Is 129702077 a composite number?
True
Is 2950079 a prime number?
False
Is 4741259 a composite number?
False
Is 7693031 prime?
True
Is 1480127591 prime?
True
Is 6198137 a prime number?
False
Is 25777207 a prime number?
True
Is 110074301 prime?
True
Is 71692097 prime?
True
Is 15345167 a prime number?
False
Is 6686293 a composite number?
True
Is 4496939 a prime number?
False
Is 3247171 composite?
False
Is 41762257 composite?
False
Is 234898627 a composite number?
False
Is 209616233 a prime number?
True
Is 14025199 a prime number?
True
Is 35678477 composite?
False
Is 36939935 a composite number?
True
Is 1257307 prime?
True
Is 6289229 a prime number?
True
Is 47087591 a composite number?
False
Is 17820797 a composite number?
False
Is 27204461 a composite number?
True
Is 1615659 a composite number?
True
Is 274237 composite?
False
Is 83655907 composite?
False
Is 5148149 a prime number?
False
Is 20922643 a prime number?
False
Is 253366 a prime number?
False
Is 6339499 a composite number?
True
Is 220818979 a prime number?
False
Is 43482827 composite?
False
Is 508061 a prime number?
False
Is 11129813 composite?
False
Is 4424722 prime?
False
Is 1176839 a composite number?
True
Is 54750391 a prime number?
True
Is 1848233 a composite number?
False
Is 24638631 composite?
True
Is 576311 composite?
True
Is 4612081 a composite number?
False
Is 131667 composite?
True
Is 4287181 prime?
True
Is 3011813 composite?
True
Is 23999441 composite?
False
Is 13722271 composite?
True
Is 5514823 prime?
True
Is 136214147 a prime number?
True
Is 23449253 a composite number?
True
Is 25715231 composite?
False
Is 120459329 a prime number?
True
Is 1060511 composite?
True
Is 5752073 composite?
True
Is 3057781 a composite number?
True
Is 266853163 composite?
False
Is 3153295 a prime number?
False
Is 344370721 composite?
False
Is 50837819 a prime number?
True
Is 5127193 prime?
False
Is 18401819 a prime number?
True
Is 47697203 prime?
True
Is 10569502 a composite number?
True
Is 156204137 composite?
True
Is 2192062 a prime number?
False
Is 6996989 a prime number?
True
Is 458857783 a composite number?
True
Is 1895417 a prime number?
False
Is 125977699 a composite